 = 3 - g. List the prime factors of a.
2, 7
Let h be ((-2)/(-6))/(5/75). Suppose 2*q - h - 59 = 0. Suppose 4*i + 4 - q = -x, 0 = -4*i + x + 36. List the prime factors of i.
2
Let d(s) = 14*s + 1. Let l be d(-2). Let p = -10 - l. List the prime factors of p.
17
Suppose -5*d - 80 = -5*r - 2*d, -4*d - 32 = -2*r. Suppose -5*m - r = 14. Let f(h) = -h**2 - 8*h - 6. List the prime factors of f(m).
2, 3
Let s(v) = v**3 + 5*v**2 - 7*v. Let b be s(-6). Suppose -t + 5*f + 5 = 0, -b*t + t + 3*f = -25. What are the prime factors of t?
5
What are the prime factors of 760/35 - (-4)/14?
2, 11
Let y(w) = 2*w**3 - 6*w**2 - 4*w. What are the prime factors of y(5)?
2, 5
Let y be -14*(-4)/16*2. Let f = 9 - y. List the prime factors of f.
2
Suppose 3*c + 134 = -40. Let a be (-120)/3 + -1 + 1. Let k = a - c. What are the prime factors of k?
2, 3
Suppose 5*f = 4*y - 8, -4*f + 51 = 6*y - y. Let g(a) = a - 5. What are the prime factors of g(y)?
2
Suppose -2*s + 5*s - 5*p - 36 = 0, -4*p + 16 = 4*s. List the prime factors of s.
7
Let h be 2 + (1 - 4 - -1). Suppose -5*j + 95 = -h*j. List the prime factors of j.
19
Let g = 9 + 123. Suppose g = 3*n + n. List the prime factors of n.
3, 11
Suppose r = 3*n - 0*n - 6, 4*n - 8 = 0. Let w = 3 - 2. Suppose -3*v + w + 17 = r. List the prime factors of v.
2, 3
Let g(o) = -8*o - 44. List the prime factors of g(-13).
2, 3, 5
Suppose b + 2*k - 25 = -4*b, -3*k = -4*b + 43. What are the prime factors of b?
7
Let b(j) = -j**3 + 12*j**2 - 6*j + 6. What are the prime factors of b(10)?
2, 73
Suppose 26 = 3*h + 3*r + 2, 5*r - 5 = 2*h. Suppose -5*q + 38 = -2*x + 6*x, -h*x = q + 5. What are the prime factors of 134/q - 12/30?
13
Let n = 47 + -27. What are the prime factors of n?
2, 5
Let r be 4/(-12) - 26/(-6). Suppose 4*v + 4 = 4*u, 0 = r*v + 4*u + 17 - 5. List the prime factors of v/10 + 380/25.
3, 5
What are the prime factors of 100 + 1 + (-26 - -27)?
2, 3, 17
Let b(r) = r**2 + 3*r + 7. Let j be b(-5). Let g = -12 + j. What are the prime factors of g?
5
Suppose 0 = -5*n - 53 + 418. List the prime factors of n.
73
Let n = 3 + -1. Suppose -2*m - 10 = -4*m + 2*q, -2 = n*m - 5*q. List the prime factors of m.
3
Let b(a) = a**2 + a - 23. What are the prime factors of b(-9)?
7
Let c = 28 - 99. Let s = c - -45. What are the prime factors of s/(-4) - 1/2?
2, 3
Let w(v) = v**2 + 9*v + 6. List the prime factors of w(-11).
2, 7
Let f = 4 + 0. Suppose -3 = -f*p + 5. List the prime factors of p.
2
Suppose 7*z + 28 = 3*z. Let w = z + 9. List the prime factors of w.
2
Let h be (-37)/(-2) + 6/(-4). Let i = 26 - h. List the prime factors of i.
3
Let h = 78 - 46. List the prime factors of h.
2
Suppose 2240 = 13*d - 3*d. What are the prime factors of d?
2, 7
Let d = 61 - 42. What are the prime factors of d?
19
Let p(i) = -9*i - 1. Let h be p(-1). Let v(t) = 2*t + 10. Let f be v(h). Suppose m + 5*y = -3, -5*m + 4*y + 17 + f = 0. What are the prime factors of m?
7
Let y(n) = 2*n**2 - 6*n. Suppose -3*z + 4*x = -2, -x + 22 = 4*z - 6. What are the prime factors of y(z)?
2, 3
Suppose 0 = 4*x + 6*x - 800. List the prime factors of x.
2, 5
Let x(l) = -l**2 + 16*l - 39. What are the prime factors of x(9)?
2, 3
Let j = 62 - 23. What are the prime factors of (5/(-3) + 2)*j?
13
Suppose 46*g + 24 = 48*g. What are the prime factors of g?
2, 3
Let n = 70 - 25. List the prime factors of n.
3, 5
Suppose -2*o + 5 = p + 38, -21 = p - o. Let l = p + 47. List the prime factors of l.
2, 11
Suppose 0 = -3*v + 5*h - 21 + 258, -h = 0. List the prime factors of v.
79
Let b(g) = g**2 - g + 40. What are the prime factors of b(0)?
2, 5
Suppose 0 = 5*t + 5, -3*t - 8 = -3*u + 4. Suppose u*m - 45 - 51 = 0. Suppose -x - m = -5*x. What are the prime factors of x?
2
Suppose 5*f - 238 - 297 = d, 4*d = -2*f + 236. Suppose -4*w + f - 2 = -q, 71 = 3*w - 5*q. What are the prime factors of w?
3
Let k(d) = -1 - 4 + 6*d + 2 - 2 - d**3 - 3*d**2. List the prime factors of k(-5).
3, 5
Suppose -2*f + 0*f = -12. Let z(g) = g**2 - 9*g + 9. Let h be z(f). Let s = -3 - h. What are the prime factors of s?
2, 3
Let c = -5 + 5. Suppose 0 = -5*p - c + 10. What are the prime factors of p?
2
What are the prime factors of -3 + 6 - 1 - -36?
2, 19
Suppose -4*d - 6 = -0*x + 2*x, 4*x = d + 6. Let b = d - -12. Suppose u = -u + b. What are the prime factors of u?
5
Let c = -5 - 10. Let w = c + 19. What are the prime factors of w?
2
Let m = 1 - 2. Let x be (m - (-3)/(-3)) + 2. Suppose x = z + 2*z - 9. What are the prime factors of z?
3
Let z(o) = -o**2 - o - 1. Let k(c) = 2*c**2 - 2*c + 2. Let v(h) = k(h) + z(h). Let m(y) be the first derivative of v(y). What are the prime factors of m(3)?
3
Suppose -6 = -4*k - 2. Let y = 0 + k. List the prime factors of (y/1 - 1) + 8.
2
Let l = 10 + 60. What are the prime factors of l?
2, 5, 7
Let x be 10/35 - 309/(-21). What are the prime factors of (63/x)/(2/10)?
3, 7
Let o(d) = d**3 + 2*d**2 - 3*d. Let j be o(-3). Suppose j = -2*m + 7*m. Let l(g) = -g + 10. List the prime factors of l(m).
2, 5
Let g = 31 + -13. Suppose -g - 47 = -5*p. List the prime factors of p.
13
Let l(b) = 0*b**3 - b**3 + 0*b**3 + 4*b**2 - 3 + 3*b. What are the prime factors of l(4)?
3
Suppose -2*s = 16 - 48. Let q = 10 - s. Let f(l) = -l**2 - 8*l - 8. List the prime factors of f(q).
2
Let v = -10 + 20. Let z = v + -6. What are the prime factors of z?
2
Let m(f) = 19*f + 44. What are the prime factors of m(6)?
2, 79
Let y(o) = o - 6. Let w be y(6). Suppose 2*v + 3*t = -12, 12 = v + 3*t - 6*t. What are the prime factors of w - (-1 + (v - 8))?
3
Let k(c) = -3*c**3 - c**2 + 3*c + 1. Let r be k(-3). Suppose 3*h = 3*x + x - r, -2*h = 5*x - 57. What are the prime factors of x?
13
Suppose -7*m = -647 - 662. List the prime factors of m.
11, 17
Suppose -3*t + 23 - 2 = 0. Let o = -5 + t. What are the prime factors of 8 + (o - 12/3)?
2, 3
List the prime factors of (-30)/(-70) - 50/(-14).
2
Suppose 3*v = -3, 5*k = 3*k - 4*v + 8. Suppose -2*c - 2*m + k = 0, -7*c + 5*m + 15 = -2*c. List the prime factors of c.
3
Let s be ((-3)/6)/(2/(-8)). Suppose -r - 10 = -s*r. Suppose -6*m + r = -m. List the prime factors of m.
2
What are the prime factors of (0 - 2)*(-321)/6?
107
Suppose -2*a - 8 - 16 = 0. Let z be 2/3 + 51/(-9). Let g = z - a. List the prime factors of g.
7
Let i = 2 - -1. Suppose 0 = -8*l + 5*l + 9. Suppose 0 = -i*j + l*z, 6 = j - 0*j + z. List the prime factors of j.
3
Let b(p) = 5*p**2 + 0*p**3 + 3*p**2 - 13*p - 10 + p**3. List the prime factors of b(-9).
2, 13
Let j(t) = t**2 - 9*t - 4. Let f be j(10). Suppose 9*x - 69 = f*x. What are the prime factors of x?
23
Suppose -5*g = -7*g. Suppose 3*u + 5*f - 113 = g, 4*u - 3*f + f - 116 = 0. What are the prime factors of u?
31
Suppose -4*a - 9 = 5*w, -5*a + 40 = -3*w - w. Suppose a*v = 8*v. Let z = v + 3. List the prime factors of z.
3
Let k(d) = d**2 - 3*d - 1. Let f be k(7). What are the prime factors of -2 + f - 0/4?
5
Suppose -y = -2*y + 17. Let f(v) = -y + 6*v - 8 + 9 - 3*v. What are the prime factors of f(12)?
2, 5
Suppose 4*c - 11*c = -1827. List the prime factors of c.
3, 29
Let h(i) = -i**2 + 5*i + 2. Let d be h(5). List the prime factors of (d/(-6))/((-1)/33).
11
Let f(x) = x**3 - x**2 - 4*x + 1. Let p be f(5). Suppose -b + 35 = 2*b + l, -p = -5*b + 4*l. What are the prime factors of b?
13
Suppose 4*p = 0, 2*v + 2*p - 152 = 36. What are the prime factors of v?
2, 47
What are the prime factors of 3 + (-4)/(-1) + 104?
3, 37
Suppose -k - 13 = 5*p + 1, -2*k + 4*p + 14 = 0. Suppose -3*m - 4*i + 3 = -k, i - 14 = -4*m. List the prime factors of m.
2
Let p be 952/20 + (-4)/(-10). Suppose b = -b + p. List the prime factors of b.
2, 3
Let r = 3 + 1. Let d = 8 - r. Suppose -d*f = 4*p - 32, 0*f - 17 = -2*p - f. List the prime factors of p.
3
Let w = 1 + 2. Let z = w - 1. What are the prime factors of z?
2
Let o(k) be the third derivative of -k**6/120 - k**5/30 + k**4/6 + 5*k**3/6 + 4*k**2. List the prime factors of o(-4).
3, 7
Let p be 2/(-6) - (-34)/3. Suppose v + p = f, -1 = -4*f + 2*f - 5*v. What are the prime factors of (f - -43)*(-2)/(-6)?
17
What are the prime factors of -2 + -31*(4 - 28/4)?
7, 13
List the prime factors of (18 + -1)/(0 + (-1)/(-9)).
3, 17
Let i(c) = 1 - 2*c + c**3 + c + 6*c**2 - c**2. Let t be i(-5). What are the prime factors of 10*3*2/t?
2, 5
Let g = 